8*f + 2. Let v be l(6). Suppose 3*w = -2*i + v, -y*i - 20 = -i. What is the units digit of w?
8
Suppose -2*t + 4 = -t. Suppose -2*y + t*x = 4, -6*y - x = -y - 23. Suppose 2*p + 2*m - 13 = 7*m, -y*m + 12 = 0. What is the units digit of p?
4
Let i be (-12)/(-30) - (-56)/10. Let t = i + 2. Let o(a) = -a**3 + 7*a**2 + 11*a - 9. What is the units digit of o(t)?
5
Suppose -58 + 258 = 4*v. Suppose -z - 4*z = -v. What is the tens digit of z?
1
Let l(d) = -d**2 + 15*d + 2. What is the units digit of l(14)?
6
Suppose 0 = -2*v - 2*b - 68, -4*b - 175 = 6*v - v. Let o = 73 + v. What is the units digit of o?
4
Suppose m + 12 = 4*m. Suppose -5*t - 2*o = -11, t - 5*o = 3*t + m. Suppose 0 = -2*y + 5 - t. What is the units digit of y?
1
Suppose -r = -12 - 7. Let s be 30/34 + (-4)/(-34). Suppose -4*o + r = -s. What is the units digit of o?
5
Suppose 7 = -4*g + 23. Let p(t) = 0 + 3 - 7*t - t**2 - g - 1. What is the units digit of p(-6)?
4
Let d(g) = 9*g**2 + 8*g + 12. What is the units digit of d(-4)?
4
Let t = 104 + 86. What is the hundreds digit of t?
1
Suppose 33 = 4*o + 133. Let l = 41 + o. What is the units digit of l?
6
Let m(s) = 6*s. What is the tens digit of m(11)?
6
Let y(s) = s**2 - 5*s - 2. Let b be y(5). Let n(c) = -c**3 - 3*c**2 - 2. Let w be n(b). What is the units digit of (-27)/w*2/3?
3
Suppose v + 17 + 0 = 0. Suppose -3*o + 4 = 19. What is the units digit of v/o + 14/(-35)?
3
Suppose 5*f = -0*f + 465. What is the units digit of f?
3
Let h(b) = 86*b**2 + b. Let x be h(-1). What is the tens digit of (7 - -1)/(17/x)?
4
Let c be 6/15 - 6/15. Suppose c = 5*o + 4*b - 171, -b - 137 = -4*o - 4*b. What is the units digit of o?
5
Suppose 0 = u - l - 18, 3*l + 1 = -3*u + 55. Let i = 27 - u. What is the units digit of i?
9
Suppose -5*r - 32 = 2*z - z, -4*z - 38 = 5*r. Let b(j) = -3*j - 9. What is the units digit of b(r)?
9
Let l(u) = -u**3 - 2*u + 3. Let j be l(2). What is the tens digit of (1 - -9) + (-6 - j)?
1
Let p be (-1)/2 + (-7)/(-2). Suppose -7*g + p*g = 0. Suppose g = -0*k + 3*k - 42. What is the units digit of k?
4
Let s(c) = 2*c**2 - 7*c + 5. Let w be s(4). Suppose 4 = y - w. What is the tens digit of y?
1
Let g = 81 - -165. What is the hundreds digit of g?
2
Suppose -2*x + 5*j + 20 = 0, -5*j + 4*j = x - 3. Suppose -x*l + 18 = 3. Let r = -2 + l. What is the units digit of r?
1
Suppose 339 = 4*h + 19. Suppose 3*o = -2*o + h. What is the units digit of o?
6
Let r = -109 - -165. What is the units digit of r?
6
Let b be 2/3*282/(-4). What is the tens digit of (-6)/(-2) + b/(-1)?
5
Let n = 12 - 9. Suppose -3 + 12 = 3*u. Suppose n*d - 4*g = 40, u*d - 66 - 4 = -2*g. What is the tens digit of d?
2
Let z(l) = -l**2 - 17*l - 21. What is the units digit of z(-15)?
9
Let n = -42 + 36. Let x(d) be the third derivative of -d**4/24 - d**3/6 - d**2. What is the units digit of x(n)?
5
Let m = 278 + -135. What is the hundreds digit of m?
1
Let a = -11 - -8. Let g be (2/2)/(a/12). Let s(k) = k**3 + 4*k**2 - k - 2. What is the units digit of s(g)?
2
Let a = 320 - 149. What is the tens digit of a?
7
Let o(a) = 0*a - 3 + a**2 - a + 5*a + 2. Let y be o(-5). Suppose -2*n - 52 = -y*p + 2*n, 3*n = 4*p - 50. What is the units digit of p?
1
Let w = 7 - 2. What is the units digit of w?
5
Let r(s) = s**3 + s**2 - s + 5. Let x(y) = y**3 + 4*y**2 - 5*y. Let p be ((-4)/6 - 1)*3. Let z be x(p). What is the units digit of r(z)?
5
Suppose -4*c - 5*p + 20 = 5, 0 = 5*c - 2*p + 6. Let f be 3 + (c/2)/(-3). Suppose -2*z + 1 = -f*u - 8, -u + 21 = 2*z. What is the units digit of z?
9
What is the units digit of (-3)/(-2)*(-160)/(-6)?
0
Let s = 0 + -1. What is the tens digit of 1/(s - 20/(-19))?
1
Suppose 3*x + 25 + 22 = b, 0 = -x - 2. What is the units digit of b?
1
Let u be (-6)/(-3)*(-2)/(-1). Suppose 0 = -u*f + 5*g + 1 + 22, 0 = -4*f - 3*g + 31. Let j(k) = k**2 - 5*k - 1. What is the tens digit of j(f)?
1
Suppose 0 = 2*s + s. Suppose s - 2 = -2*h. What is the units digit of h?
1
Let c(m) = -2*m**3 - 2*m + 7 + 2*m**2 - 4*m + 3*m**3 + 2*m**2. What is the tens digit of c(-5)?
1
Suppose 5*l - 3 = 4*l. Let u be (-2)/4 - (-66)/4. Suppose -c + l*c = u. What is the units digit of c?
8
Let m = 15 + -10. Suppose 0 = n + 2 - m. What is the units digit of n?
3
Let t be (-2)/8*(-12 + 8). Let n(b) = b**2 + 2*b - 3. Let g be n(-3). What is the units digit of (t - g) + -1 + 17?
7
Suppose -3*y - 3 = -0*y. Let k be -1 - (-2 - 3 - y). Suppose -11 = -k*z - 5. What is the units digit of z?
2
Let v = 10 - 8. Suppose -v*p - 3*p + 55 = 0. What is the tens digit of p?
1
Let o = -21 - -290. What is the tens digit of o?
6
Let w = 11 + -6. Let n be 42/15 - (-1)/w. Suppose -o = k - 10, -n*o = o + 5*k - 43. What is the units digit of o?
7
Let x(d) = -20*d - 19. What is the hundreds digit of x(-6)?
1
Let k(l) be the third derivative of l**4/12 - l**3/2 - 2*l**2. Let v be k(3). What is the units digit of -3*5*(-2)/v?
0
Suppose 0 = 2*w + 4*b - 42, -2*b + 47 = 2*w - 3*b. What is the units digit of w?
3
Let b(x) = -x + 5. Let u be b(0). Let a = 50 + -70. What is the units digit of ((-8)/u)/(4/a)?
8
Let t = -8 + 28. What is the tens digit of t?
2
Let i = 6 - 12. Let p(h) = -7*h - 10. Let t(n) = n + 1. Let o(y) = p(y) + 6*t(y). What is the units digit of o(i)?
2
Suppose 4*t + t = 3*u + 396, 2*u - 230 = -3*t. What is the tens digit of t?
7
Suppose -4*b + 0 = -76. Suppose 0 = -3*p - 5*w + b, 0 = -3*w - 10 - 2. What is the units digit of p?
3
Suppose -11 = j - 92. What is the units digit of j?
1
Let d = -3 - -3. Let g = d - 1. Let j = g - -6. What is the units digit of j?
5
Let o(h) = h**2 + 3*h + 2. Let p be o(-4). Let m be (2 - (-6)/(-4))*p. Suppose 48 = 2*c - 5*y, 0 = 3*c - m*y + 3 - 57. What is the tens digit of c?
1
Suppose 35 = 5*z - x + 6*x, 5*z + x = 23. What is the units digit of (5/2)/(z/40)?
5
What is the units digit of (10/(-20))/(1/(-22))?
1
Suppose 5*z - 45 = 90. What is the tens digit of z?
2
Let s = 79 - 43. What is the units digit of s?
6
Suppose -5*n = -47 - 83. Let m be 1/(-4) - n/(-8). What is the tens digit of (1/m)/((-1)/(-33))?
1
Suppose 81 - 11 = 2*m. What is the units digit of m?
5
Suppose 198 - 17 = 5*b + c, 5*c - 185 = -5*b. Let l be (-7)/(-9) + 8/b. Suppose 4 = 5*u - l. What is the units digit of u?
1
Let j(d) = 37*d**2 + 7*d - 7. What is the tens digit of j(-3)?
0
Let l(n) = n**2 + 10*n - 5. Let d = -23 - -14. Let t be l(d). What is the units digit of t/(-3) - (-3)/9?
5
Suppose 2*o + 8 = -10. Let w = 19 - o. What is the units digit of w?
8
Suppose 15 + 3 = 3*r. What is the tens digit of (-9 + 6)*(-22)/r?
1
What is the units digit of 1*123*(-4)/(-12)?
1
Let x(q) = q**2 - 1. Let k(y) = 5*y**2 - y - 41. Let g(d) = -k(d) + 6*x(d). What is the tens digit of g(0)?
3
Let o be (14/5)/((-5)/(-225)). Suppose 33 = 2*p - 5*i - 0*i, 5*p = -2*i + o. What is the units digit of p?
4
Let g(s) = s**2 + 6*s - 10. What is the units digit of g(-9)?
7
What is the units digit of 52 + (-3 - 3) + 3?
9
Let v = 3 - -26. What is the tens digit of v?
2
Let n be 2*(3 - (1 - -1)). Suppose 4*i = 0, -n*j = -0*j + 3*i - 24. What is the units digit of j?
2
Let v = -29 - -194. What is the hundreds digit of v?
1
Suppose -4*j - 22 = 2*n, 5*n - 1 = -3*j - 0. Let v = 10 + j. What is the units digit of v?
2
Suppose -5*t = -t - 3*y - 92, -8 = -2*y. Let x = -37 + t. Let w = -3 - x. What is the units digit of w?
8
Let x = -24 + 47. What is the units digit of x?
3
Suppose -2*i + 12 = 4*t, -2*i = -15*t + 16*t - 9. What is the units digit of t?
1
Let v(q) = 68*q**2 + q + 1. What is the tens digit of v(1)?
7
Suppose 4*t = -4 - 0, 0 = 2*y + 4*t - 4. Let d = -5 - -9. Suppose -h = -y*l + d*h + 27, -5*h + 37 = 4*l. What is the units digit of l?
8
Suppose -2*t - 21 + 123 = 0. What is the units digit of t?
1
Let a be (2 + -1)*1 + 5. Let h be a/(-15) + 12/5. Let o(r) = 2*r**3 - 3*r**2 + 2. What is the units digit of o(h)?
6
Let g be (5/(-5))/((-1)/2). What is the units digit of -3 + 0 - g*-22?
1
Suppose -116 = -0*s - 4*s. What is the tens digit of s?
2
Let j = 2 + 68. What is the units digit of j?
0
Let y(q) = -3*q - 3. Let w be y(-2). Let x(k) = -w + 0*k + 24 - k. What is the units digit of x(12)?
9
What is the units digit of (-4)/(3/((-324)/8))?
4
Suppose 0 = -5*m - 5*j + 4*j + 29, -2*m + 26 = 4*j. Suppose 2*d + 16 = m*h - 0*d, 2*h = -3*d + 14.